are the prime factors of m?
5
Suppose 0 = 8*y + 631 - 2463. List the prime factors of y.
229
Let y(f) = -f**2 + 16*f + 12. List the prime factors of y(12).
2, 3, 5
Let d(c) = -c**3 - 3*c**2 - 18*c - 5. What are the prime factors of d(-7)?
317
Suppose -4*a + 25 + 263 = 0. What are the prime factors of a?
2, 3
Let h = -51 + 168. Suppose 3*o - 27 = h. What are the prime factors of o?
2, 3
Let l(d) = -d**3 + 8*d**2 + 7. Let t be ((-18)/(-3))/(2/3). Let o be t - -1 - 4/2. What are the prime factors of l(o)?
7
Let q be (-8)/10*20/(-8). Suppose -13 + 85 = q*c. List the prime factors of c.
2, 3
What are the prime factors of (-3978)/(-12) - 4 - 1/2?
3, 109
List the prime factors of (-27310)/(-100) - 1/10.
3, 7, 13
Suppose -5*m + 3*m = 0. Let w = m - 2. List the prime factors of 18/4*w/(-3).
3
Suppose -162*o - 492 = -165*o. List the prime factors of o.
2, 41
Let r = 4 - 7. Let b = r + 8. Suppose b*l - 18 = 3*l. What are the prime factors of l?
3
Let z(u) = -u**3 - 8*u**2 - 5*u - 18. List the prime factors of z(-9).
2, 3
Suppose 0 = -5*d - 14 - 21. Let g(j) = -j + 10. Let p(r) = -6*r + 49. Let m(i) = 11*g(i) - 2*p(i). List the prime factors of m(d).
5
List the prime factors of (21 - 15)/((-2)/(-8)).
2, 3
Let a be (-1*(4 - 4))/(-2). Suppose -g - 4*g + 40 = a. What are the prime factors of g?
2
Let a(r) = r**2 + 2*r + 2. Let j be (-1)/((-3)/51) + -1. Suppose 0*f - 4*f = j. List the prime factors of a(f).
2, 5
Let v = -8 - -12. Suppose v*m - 4 = 12. What are the prime factors of m?
2
Let g = -174 + 318. List the prime factors of g.
2, 3
Let t(c) = -c + 13. Let a be t(7). Let q(m) = -7*m**2 - 4 + 7*m + 4*m**3 - m**3 - 2*m**3. What are the prime factors of q(a)?
2
Let h be 28/(3*(-2)/(-9)). Suppose -4*u + h = -118. Let s = -26 + u. What are the prime factors of s?
2, 7
Suppose -p + 4 = 3. What are the prime factors of p*(1 + -1) - -4?
2
Let l(h) = 13*h**3 - h. Let c be (1/(-2))/((-5)/(-20)). Let k be -1*(c + 3 - 2). What are the prime factors of l(k)?
2, 3
Let x(p) = -4*p**2 + 12*p - 1. Let o(d) = -d**2 + d. Let y(n) = 5*o(n) - x(n). What are the prime factors of y(-6)?
7
Let i be (8/16)/((-2)/(-188)). Suppose 0*y - i = -y. Let z = y + -34. List the prime factors of z.
13
Suppose -5*g = -113 - 42. Suppose 0 = 3*q - 2 - g. List the prime factors of q.
11
Suppose 0 = 4*j + 92 - 268. Let p = j - 8. What are the prime factors of p?
2, 3
Let w(y) = y + 30. List the prime factors of w(-13).
17
Let r(d) = 7*d + 2. Let q be r(6). Suppose q - 8 = -3*g. Let j = -2 - g. List the prime factors of j.
2, 5
List the prime factors of 1 + 7898/99 + 4/18.
3
Let g be -4 + 2 + (5 - 3). Let s = g + 5. Suppose 4*c - 26 = -s*d, 3*d - d - 4 = 0. List the prime factors of c.
2
Suppose -2*n - 1 + 9 = 0, 0 = -4*o + 5*n - 8. Suppose -o*k + 72 = -k - 5*c, -2*k + 48 = c. What are the prime factors of k?
2, 13
Let s(b) = 2*b**2 - 8*b + 5. List the prime factors of s(5).
3, 5
Suppose 5*v + 6 = -2*z + 4*v, z - 3*v + 17 = 0. Let m = 2 - z. List the prime factors of m.
7
Suppose 60 = -3*l + 2*f, -3*f = 5*l - f + 116. Let m = l + 46. What are the prime factors of m?
2, 3
Let w = 9 - 14. Let x = -22 + 14. List the prime factors of (-1)/(((-10)/x)/w).
2
Let n = -6 + 5. What are the prime factors of (-2)/(n + (-3)/(-4))?
2
Let f be -6*1*8/(-6). Suppose 3*p = f + 10. List the prime factors of p.
2, 3
Let v be 72/5 + 8/(-20). What are the prime factors of v + (-2)/2 - -1?
2, 7
Suppose -4*o + 131 + 37 = 4*u, 5*u - 178 = 3*o. What are the prime factors of u?
2, 19
Let l = -3 + 5. Let w(s) = 2*s**3 - 4*s**2 + s + 2. Let t be w(l). Suppose -1 = i - t. List the prime factors of i.
3
Let b(m) be the first derivative of 2*m**2 - 1. Let w be b(-2). Let k = 13 + w. What are the prime factors of k?
5
Let k(a) = -a**3 + a**2 + a + 2. Let t be k(0). Suppose -5*n + 115 = -0*n. Suppose 0 = 3*j + y - 14, t*y - 5*y - n = -4*j. What are the prime factors of j?
5
Suppose 40 = -5*i + 6*f - f, -2 = i + 2*f. Let b(q) = -q**3 - 5*q**2 + 5*q + 4. Let s be b(i). Let v = s + -1. List the prime factors of v.
3
List the prime factors of 2/(-17) + (-605)/(-85).
7
Suppose -4*u - 46 = -r, u + 2*u + 4*r = -44. Let p = 6 + u. Let f = p - -13. List the prime factors of f.
7
Suppose -q + 41 + 27 = 2*n, 0 = n + 2*q - 37. Let l = 63 - n. List the prime factors of l.
2, 3, 5
Suppose 206 = 4*h - 118. Let s = h + -50. What are the prime factors of s?
31
Suppose -5*h + 27 = 7. List the prime factors of h.
2
What are the prime factors of (-247)/(-1) + 3/1?
2, 5
Suppose 3*m - 130 = 50. List the prime factors of m.
2, 3, 5
Let b be (-4)/(-5)*25/10. Suppose -4*y = b*j + j - 46, 5*j = y. List the prime factors of y.
2, 5
Let i = 2 - 0. Suppose 1 = -g - i. List the prime factors of -1 + 2 - (-5 - g).
3
List the prime factors of (-1114)/(-26) - 2/(-13).
43
What are the prime factors of (-430)/(-40) + (-1)/(-4)?
11
Let m(n) be the first derivative of -n**2/2 + 10*n + 4. List the prime factors of m(-12).
2, 11
Let t = 61 - 11. Suppose 0 = y + 3*f - t, -21 = -y + f + 9. What are the prime factors of y?
5, 7
Suppose 0 = 5*p - 2*p. Suppose p*b - 2*b - 4*s = -14, -5*b = -3*s - 22. Suppose -5 - 5 = -b*u. List the prime factors of u.
2
Let y(r) = 2*r**2 + 8*r - 4. List the prime factors of y(-10).
2, 29
Suppose -3*q = 2*q - 285. Suppose -4*j + q = 5. What are the prime factors of j?
13
Let b(d) be the third derivative of d**4/12 - d**3/3 - 3*d**2. Let m(x) = x**3 + 5*x**2 + 2. Let g be m(-5). List the prime factors of b(g).
2
Let t = -10 + 20. Let q = 5 + t. What are the prime factors of q?
3, 5
Let j be (2/(-2) + 20)/1. Let h = -6 + j. List the prime factors of h.
13
Let y(u) = 34*u**2 + u + 1. Let c be (-2)/(8/4*1). What are the prime factors of y(c)?
2, 17
Let w be (-2)/10 - (-2)/10. Suppose -2*m + m - 22 = -2*k, 4*m + 4 = k. Suppose w = -3*d + 2*j + 34, 5*j + k + 13 = 0. What are the prime factors of d?
2
Let k(s) = 7*s - 6. Let q = 16 + -12. What are the prime factors of k(q)?
2, 11
Suppose -w + 8 = 3*b, 0 = 5*b + 2*w - w - 12. Suppose 0 = b*c + 3*c - 15. What are the prime factors of 51*(c/9 - 0)?
17
Let v = -8 + 8. Suppose v = -3*j - j + 32. What are the prime factors of j?
2
Let r(b) = 3*b**2. Let g be 6/((-7)/(-2) + -2). Let w(c) = c**2 - 3*c - 5. Let f be w(g). What are the prime factors of r(f)?
3
Let b = 180 + -103. What are the prime factors of b?
7, 11
Let j be 538/12 + 9/54. List the prime factors of (-30)/j*66/(-4).
11
Let q = -5 - -5. Suppose 2*y = -0*y - 4*t, q = -2*y - 2*t + 4. What are the prime factors of y/6*12/1?
2
Suppose -1 = -3*m + 4*m. Let b be (23 - m)*2/(-4). Let d = 22 + b. List the prime factors of d.
2, 5
Let o be (0 + -1)/((-1)/(-12)). Let x be (-10)/8 + (-3)/o. List the prime factors of 14*(x + (-6)/(-4)).
7
Let b(p) = -p**2 - 12*p - 13. Let v(u) = 6*u**2 + 60*u + 66. Let g(z) = 11*b(z) + 2*v(z). What are the prime factors of g(14)?
17
Let v = -20 + 30. List the prime factors of v.
2, 5
Let d(g) = -g**3 - g**2 - g + 9. Let l = 2 - 2. Suppose -2*w + 3*w = l. What are the prime factors of d(w)?
3
Let o(l) be the second derivative of l**4/12 + 3*l**3/2 + 3*l**2/2 + l. Let m be o(-9). Suppose 0 = m*u - 7*u + 44. List the prime factors of u.
11
Let t = 112 - 34. List the prime factors of t.
2, 3, 13
Let m(f) = f**3 + 12*f**2 + 18. List the prime factors of m(-12).
2, 3
Suppose -6 - 40 = 2*x - 3*c, -49 = x + 5*c. Let u = x + 75. List the prime factors of u.
2, 23
Suppose -3*y + 2 + 1 = 0, 5*n - 14 = -4*y. Suppose 4*u - 71 = 3*t, -n*u - 2*t = t - 49. What are the prime factors of u?
2, 5
Suppose 18*k + 146 = 20*k. What are the prime factors of k?
73
List the prime factors of (-6)/(-14) + -1 + 912/28.
2
Let y(l) = l**2 - l - 3. Let q be y(3). Suppose -q*t - 112 = -4*f - t, 4*f - 104 = -2*t. What are the prime factors of f?
3
Let m = -5 + 3. What are the prime factors of (-15)/m*6/5?
3
Let b be 3 - 2/5*5. Let g(y) = 16*y**2 + 3*y - 2. What are the prime factors of g(b)?
17
Let x be 2*3 - (-2 + 1). Let c = -7 + 10. Suppose -c*h = -x*h + 76. List the prime factors of h.
19
Suppose h + 4*l = -0*h + 405, 4*l = -2*h + 794. List the prime factors of h.
389
Let f be (-55)/(-15) - (-4)/(-6). Let h be (2/5)/(f/15). Suppose -2*r + h*o + 16 = 0, 0 = -2*r - 3*r + 2*o + 43. What are the prime factors of r?
3
Let y be 1 + (0 + 0 - 0). Wh